 3*o**2 - o - 3. Calculate z(-4).
17
Let h(f) = -f**3 + 9*f**2 + 10. Give h(8).
74
Let v(k) = k**2 - 22*k - 13. Calculate v(23).
10
Let l(z) = -2*z**3 - 39*z**2 - 53*z + 21. What is l(-18)?
3
Let t(j) = -4*j + 116. Calculate t(30).
-4
Let g(h) = -h**2 - 11*h + 8. Calculate g(-11).
8
Let h(j) = j**3 + 3*j**2 - 5*j + 9. Calculate h(-5).
-16
Let r(a) = -7*a - 57. Calculate r(-8).
-1
Let z(h) = 25*h + 45. What is z(-2)?
-5
Let l(a) = -4*a**2 + 13*a - 9. Calculate l(5).
-44
Let l(c) = -7*c - 8. Give l(-10).
62
Let x(m) = -m**3 - 9*m**2 + 12*m - 10. Calculate x(-10).
-30
Let t(i) = -7*i**2 + 50*i - 8. Determine t(7).
-1
Let s(p) = -3*p - 10. Determine s(-6).
8
Let c(d) = -27*d**3 - 1. Give c(1).
-28
Let f(t) = 13*t - 61. Determine f(5).
4
Let u(o) = 4*o**2 - 4*o + 3. Determine u(2).
11
Let a(i) = 7*i**2 + i - 2. What is a(-2)?
24
Let k(r) = -r + 23. What is k(14)?
9
Let i(j) = -39*j + 117. Give i(3).
0
Let z(u) = -2*u - 1. What is z(-3)?
5
Let f(v) = 7*v + 145. What is f(-22)?
-9
Let h(r) = -r**2 + 25*r - 45. What is h(19)?
69
Let x(y) = y**3 + 5*y**2 - 5*y + 2. What is x(-6)?
-4
Let z(k) = k**3 - 31*k**2 - 35*k + 108. Calculate z(32).
12
Let s(f) = 2*f**2 + 9*f - 11. Calculate s(-8).
45
Let x(r) = -6*r + 2. What is x(1)?
-4
Let r(k) = -4*k + 17. Determine r(-8).
49
Let l(a) = a**3 + 3*a**2 - 19*a - 3. Calculate l(-6).
3
Let o(m) = -m**3 - 8*m**2 + 6*m + 5. Give o(-9).
32
Let x(z) = 134*z - 536. What is x(4)?
0
Let t(s) = -s**3 - 14*s**2 - 12*s + 6. Determine t(-13).
-7
Let d(z) = z**2 - 8*z + 4. What is d(6)?
-8
Let v(i) = -2*i**2 - 13*i + 47. What is v(-9)?
2
Let t(n) = 8*n**3 + 1. Give t(1).
9
Let x(h) = -28*h**3 + h. Give x(-1).
27
Let w(d) = 30*d + 83. Give w(-4).
-37
Let s(j) = -j**3 + 6*j**2 + 6*j - 12. Calculate s(7).
-19
Let u(g) = g**2 + 2*g + 11. What is u(0)?
11
Let d(y) = y - 8. What is d(9)?
1
Let h(z) = z**3 - 5*z**2 - 4*z + 15. Calculate h(5).
-5
Let s(m) = -6*m**2 + 31*m - 10. Determine s(5).
-5
Let t(z) = z**3 - 7*z - 5. What is t(-2)?
1
Let y(o) = -o - 9. Determine y(-17).
8
Let w(m) = m**2 + 3*m - 2. Give w(-4).
2
Let y(r) = 4*r - 2. Determine y(-3).
-14
Let o(q) = 10*q + 7. What is o(5)?
57
Let z(o) = o**3 + 28*o**2 - 27*o - 31. Determine z(-29).
-89
Let t(g) = -2*g**3 + 26*g**2 + 5*g - 62. Determine t(13).
3
Let r(a) = -2*a + 20. Give r(8).
4
Let q(p) = -p**2 + 7*p + 9. What is q(6)?
15
Let l(a) = a**2 - 3*a - 2. Determine l(3).
-2
Let q(j) = -2*j**3 + 9*j**2 - 21. Give q(4).
-5
Let n(b) = b**3 - 9*b**2 + 21*b - 3. Determine n(5).
2
Let t(v) = 67*v**2. Calculate t(-1).
67
Let r(u) = u**2 - 3*u + 1. Calculate r(0).
1
Let w(g) = -2*g**2 + 141*g - 335. Give w(68).
5
Let s(z) = z - 1. Calculate s(-9).
-10
Let a(w) = -3*w**2. What is a(1)?
-3
Let g(x) = -2*x**3 + 17*x**2 + 82. Calculate g(9).
1
Let m(d) = -d**3 + 2*d**2 + d + 4. What is m(2)?
6
Let a(y) = y - 2. Give a(-2).
-4
Let a(n) = -4*n**2 + 13*n + 34. What is a(-3)?
-41
Let s(i) = i**3 - 4*i**2 + 2*i - 32. What is s(5)?
3
Let n(x) = x**3 - 21*x**2 - 23*x + 21. What is n(22)?
-1
Let y(u) = 3*u**3 + 2*u - 2. Give y(1).
3
Let s(g) = 19*g**2 + 6*g + 6. Give s(-1).
19
Let y(u) = u**2 + 8*u - 7. Determine y(-9).
2
Let c(i) = -2*i**2 + 8*i + 4. What is c(5)?
-6
Let a(u) = u + 20. Determine a(-2).
18
Let z(n) = 11*n + 11. What is z(-5)?
-44
Let j(o) = o - 13. Give j(-7).
-20
Let c(b) = -b**3 + 5*b**2 + 19*b - 38. Calculate c(7).
-3
Let q(f) = f**3 - 5*f**2 + f - 1. Give q(5).
4
Let u(g) = -12*g + 79. Give u(6).
7
Let p(g) = -4*g + 4. Give p(3).
-8
Let c(g) = -6*g - 38. Determine c(-6).
-2
Let g(k) = k**3 - 9*k**2 + 4*k + 26. What is g(9)?
62
Let u(o) = 2*o**2 - 8*o - 4. Determine u(6).
20
Let d(j) = -8*j - 11. Calculate d(-5).
29
Let h(l) = -22*l**2 - l + 1. Calculate h(-2).
-85
Let m(t) = 15*t**2 - t - 1. Determine m(-1).
15
Let a(k) = -57*k**3 + 2*k**2 - k. Determine a(1).
-56
Let u(j) = j**3 - 4*j**2 + 5*j - 19. Determine u(4).
1
Let k(h) = -2*h**2 + 11*h + 14. Give k(7).
-7
Let q(o) = -25*o - 7. Determine q(1).
-32
Let p(v) = -v**3 - 5*v**2 - v + 14. What is p(-6)?
56
Let d(s) = -s**2 - 13*s - 18. Calculate d(-12).
-6
Let t(i) = -5*i**3 - i**2 - i - 1. What is t(-1)?
4
Let d(s) = -61*s + 121. Give d(2).
-1
Let s(d) = d**2 - 17*d - 12. What is s(17)?
-12
Let k(c) = c**3 + 6*c**2 + 20*c + 66. What is k(-5)?
-9
Let h(u) = -u + 4. What is h(-6)?
10
Let p(m) = m**3 + 19*m**2 + 13*m + 6. Calculate p(-18).
96
Let o(h) = h**2 + 4*h - 43. Determine o(5).
2
Let w(f) = -f**2 - 11*f + 2. Give w(-11).
2
Let v(a) = a**3 - 9*a**2 - 14*a + 4. Give v(10).
-36
Let p(i) = i**2 - i - 13. Give p(0).
-13
Let c(w) = w**3 - 4*w**2 - 4*w + 5. What is c(5)?
10
Let q(u) = -2*u**2 + 12*u + 17. What is q(10)?
-63
Let k(u) = u**3 - u**2 - 12*u + 33. Give k(-4).
1
Let k(m) = -m - 34. Give k(12).
-46
Let n(m) = -4*m - 13. What is n(-6)?
11
Let u(b) = -b**3 - 2*b**2 + 10*b + 8. Calculate u(-6).
92
Let r(v) = -51*v**2 + 10*v - 10. Calculate r(1).
-51
Let a(d) = d**3 + 9*d**2 + 9*d + 10. Calculate a(-8).
2
Let a(s) = 25*s - 2147. What is a(86)?
3
Let a(p) = -46*p + 2. What is a(1)?
-44
Let z(i) = 2*i**2 + 4*i - 6. Determine z(-3).
0
Let b(t) = t**2 - 10*t - 5. Calculate b(7).
-26
Let j(k) = -9*k - 22. Give j(-6).
32
Let k(d) = -d**3 - 7*d**2 - 8*d - 8. Calculate k(-4).
-24
Let r(q) = 2*q**2 + 5*q + 5. Give r(-3).
8
Let b(o) = o**3 - 7*o**2 + 2*o + 3. Calculate b(6).
-21
Let x(o) = 3*o - 17. What is x(10)?
13
Let p(v) = -v**3 + 11*v**2 - 11*v + 11. What is p(10)?
1
Let q(y) = -2*y**3 - 8*y**2 + 8*y - 9. What is q(-5)?
1
Let g(m) = m**3 + 10*m**2 + 7*m. Calculate g(-4).
68
Let y(d) = -d**3 + 6*d**2 - 12*d + 14. What is y(4)?
-2
Let h(r) = -r**3 + 4*r**2 - r - 3. Give h(4).
-7
Let q(u) = 6*u - 154. What is q(25)?
-4
Let d(k) = 23*k - 857. Calculate d(37).
-6
Let u(q) = 31*q - 100. Calculate u(3).
-7
Let v(b) = b**2 - 15*b + 18. Calculate v(12).
-18
Let y(d) = d. Calculate y(6).
6
Let r(c) = -6*c + 4. Calculate r(5).
-26
Let c(f) = -f**2 - 41*f - 117. Determine c(-3).
-3
Let m(z) = -z**3 + 4*z**2 + 8*z - 8. Determine m(5).
7
Let g(a) = -a**3 + a**2 - a. What is g(3)?
-21
Let g(b) = 2*b - 6. Give g(6).
6
Let s(m) = -m**3 + 3*m**2 + 6*m + 4. What is s(5)?
-16
Let s(b) = -4*b + 5. Calculate s(3).
-7
Let l(w) = w**3 + 12*w**2 - 14*w + 13. What is l(-13)?
26
Let w(j) = -j - 2. Determine w(9).
-11
Let a(w) = 3*w + 40. Determine a(-19).
-17
Let k(g) = -5*g**3 + 1. Determine k(1).
-4
Let r(a) = -2*a**2 + 8*a + 5. Calculate r(6).
-19
Let a(q) = q**3 - 37*q**2 - 3*q + 109. Give a(37).
-2
Let q(b) = b**3 + 11*b**2 - b - 3. Give q(-11).
8
Let z(p) = 45*p + 37. What is z(4)?
217
Let q(i) = 8*i + 3. Give q(3).
27
Let q(p) = -p**3 - 27*p**2 + p + 18. What is q(-27)?
-9
Let o(k) = 95*k - 280. Give o(3).
5
Let t(a) = 2*a**3 + 12*a**2 + 7*a + 11. Give t(-6).
-31
Let v(n) = -3*n + 54. Determine v(20).
-6
Let x(z) = -z**3 - z**2 + 10*z - 1. What is x(-4)?
7
Let k(z) = 16*z - 467. What is k(29)?
-3
Let p(b) = -56*b + 115. What is p(2)?
3
Let d(h) = -h**3 - 2*h**2 - 5*h + 7. What is d(0)?
7
Let l(i) = i**2 - 5*i - 9. What is l(8)?
15
Let h(s) = s**2 - 7*s + 3. Determine h(7).
3
Let r(a) = -3*a**3 + 27*a**2 - 2*a - 11. Determine r(9).
-29
Let f(j) = j**2 - 12*j - 18. Calculate f(14).
10
Let v(f) = 5*f**2 - 2. Determine v(2).
18
Let r(z) = -z**2 - z - 2. Determine r(0).
-2
Let i(m) = 2*m**2 - 5*m - 19. Determine i(6).
23
Let z(w) = -w**3 - 8*w**2 - 2*w - 12. Give z(-8).
4
Let n(s) = -16*s**2 + s. What is n(1)?
-15
Let w(l) = 19*l**2 - 1. Calculate w(1).
18
Let r(m) = 2*m**3 - 4*m + 4. What is r(2)?
12
Let k(t) = -t**3 - 9*t**2 - 9*t - 9. Calculate k(-8).
-1
Let p(v) = v**3 - 7*v**2 + 7*v. What is p(6)?
6
Let d(k) = 72*k**3 - k**2 - 2*k + 2. Give d(1).
71
Let w(k) = k**2 - k - 21. Calculate w(4).
-9
Let p(b) = -b**3 - 3*b**2 + 14*b - 5. Calculate p(-6).
19
Let a(o) = 18*o**2 - o + 2. Calculate a(1).
19
Let z(k) = -3*k**2 + 88*k + 153. What is z(31)?
-2
Let v(c) = -2*c**2 - 13*c + 76. Calculate v(5).
-39
Let k(t) = -t**3 + 8*t**2 + 3*t + 35. Determine k(9).
-19
Let m(l) = l**2 - 2*l - 1. Calculate m(3).
2
Let r(s) = -s**3 - 19*s**2 - 2*s - 15. What is r(-19)?
23
Let h(s) = -s**2 + 2*s + 8. Give h(9).
-55
Let i(l) = 43*l - 145. What is i(5)?
70
Let a(v) = v + 2. Calculate a(5).
7
Let d(u) = u - 11. Give d(7).
-4
Let z(t) = 2*t**2 - 22*t - 